-2*c**2 + 11*c - 4. Let i(b) = 3*b**2 - 21*b + 9. Let h(o) = 3*i(o) + 5*k(o). List the prime factors of h(-8).
7
Let d(i) = 5*i - 61. Let h(c) = -3*c + 41. Let g(t) = 5*d(t) + 8*h(t). What are the prime factors of g(-7)?
2
Let a be (4/(-12))/(1/21). Let l(c) = -c**3 - 5*c**2 + 9*c - 8. What are the prime factors of l(a)?
3
Let c = 134 - 76. What are the prime factors of c?
2, 29
What are the prime factors of ((-14)/3)/((-18)/243)?
3, 7
Suppose j + 1 = -2*g, 3*g + 17 = 4*g - 3*j. Suppose -g*s + 12 = -4*s. Let q(l) = l**2 + 3*l - 2. What are the prime factors of q(s)?
2
Suppose 3*o - 10 = -2*o. Let i(d) = -3*d - d + o*d + d. List the prime factors of i(-4).
2
Suppose r - 6*r = -2*h - 2, 3*h + 3 = -4*r. Suppose -6*o + 22 + 80 = r. What are the prime factors of o?
17
Let m = -70 + 184. What are the prime factors of m?
2, 3, 19
Suppose -7*z + 393 = -4*z. Suppose -4*f + z = 3*p, 162 = 5*f + 5*p - 3*p. Suppose -7*b + 3*b = -f. List the prime factors of b.
2
Let k(z) = -z**2 - 8*z - 2. Let c be k(-8). Let y be -2*(11/c - 0). Suppose x + 0*x - 4*q = y, 33 = 2*x + 3*q. What are the prime factors of x?
3, 5
Let i(v) = 4*v**2 - 3*v. Let b = 5 - 3. What are the prime factors of i(b)?
2, 5
Let q(l) = 38*l**2 + l. Let t be 0 + (2 - (-2 - -5)). What are the prime factors of q(t)?
37
Let u(n) = -4*n + 29. List the prime factors of u(-11).
73
Let i be 2457/14 - 2/(-4). Suppose -3*a + 82 = 5*p - i, 0 = -5*p + 4*a + 251. List the prime factors of p.
3, 17
Let i(q) be the second derivative of -q**5/10 - q**4/6 - q**3/3 - q. Let n(a) = 2*a. Let g be n(-1). What are the prime factors of i(g)?
2, 3
Suppose 5*t - 53 = h, 4*h = 2*t - 9 - 5. List the prime factors of t.
11
Let v(u) = 5*u**2 + 2*u - 1. Let k be v(2). Suppose 41 + k = 2*h. List the prime factors of h.
2
Suppose 0*c + 3*c - s = 118, -5*s - 98 = -3*c. List the prime factors of c.
41
Let f be 2 + 0/(-2) + -1. Let v be f/((2 - 1)/31). Let r = 50 - v. List the prime factors of r.
19
Let f = 8 - 0. Suppose 3*b - f = b. List the prime factors of b.
2
Suppose -2*q - 2*p = 8, 4*q + 16 = q - 4*p. Suppose q = -m + 20 - 1. What are the prime factors of m?
19
Suppose -4 + 85 = l. What are the prime factors of l?
3
Let s be 2*1*17/2. Suppose -3*w - 2 + s = 0. Suppose w*y = 25 - 10. What are the prime factors of y?
3
Let s(d) = -20*d**3 - 3*d**2 - d + 1. What are the prime factors of s(-1)?
19
Suppose -5*d + 3*d + 8 = 0. Suppose 0*t - 16 = -d*t. List the prime factors of t.
2
Let d(i) be the third derivative of i**5/60 - i**4/4 - 2*i**3/3 - 3*i**2. What are the prime factors of d(7)?
3
Let g be 1 - (-2 + 29*33). List the prime factors of (-4)/(-18) - g/81.
2, 3
Let k be 1/(-3) + (-494)/(-6). What are the prime factors of 8/28 - k/(-7)?
2, 3
Let l(k) = -k + 1. Let h be l(6). Let o be h + 3 + -1 + 9. Let r = -3 + o. List the prime factors of r.
3
Let n = 1 - -3. Suppose 3 = n*l - 3*i, 4*i = -2*l - 1 + 19. Suppose 2*j = -5*o - 19, -4*o - 8 = 7*j - l*j. What are the prime factors of j?
3
Suppose -5*l + 8 = -l. Let p(b) = b**3 + b**2 + l - 2*b**2 - 3 - 2. List the prime factors of p(3).
3, 5
Let d = -95 + 146. What are the prime factors of d?
3, 17
What are the prime factors of 3/(1 - (-40)/(-44))?
3, 11
Suppose 4*o = 5*t - 754, 0*o = -5*t + 5*o + 750. What are the prime factors of t?
2, 7, 11
Let j(r) = 6*r**3 + 3*r**2 - 2*r - 2. What are the prime factors of j(2)?
2, 3
Let k(t) be the second derivative of -t**4/6 + 3*t**3/2 + 5*t**2 - 2*t. Let q be k(7). Let a = -13 - q. What are the prime factors of a?
2, 3
Let g(c) = -c**3 - 7*c**2 + c + 1. Let w be g(-7). Let j be (-4)/(-6) + w/9. Suppose j = 2*i - 9 - 19. List the prime factors of i.
2, 7
Let b(c) = c**2 + 22*c - 3 + c**2 - 16*c. List the prime factors of b(-5).
17
Let h be 14/(-4) - (-1)/2. Let u be (14/(-4) - h)*-2. Suppose -d + 5 = -u. What are the prime factors of d?
2, 3
Let o = 27 + 37. List the prime factors of o.
2
Suppose -3*m + 23 + 4 = 0. Suppose -3*q = -8*q + 20. Let k = m - q. List the prime factors of k.
5
Suppose 0 = -2*l + 2*w + 144, -296 = -4*l + 2*w - 0*w. What are the prime factors of l?
2, 19
List the prime factors of (5 - 5) + 127 + 0.
127
Let s be 10/(51/18 + -3). Let c = -27 - s. List the prime factors of c.
3, 11
Let p(t) = -t**2 - 10*t + 6. Let f be p(-12). Let h be -6*(3/2)/(-3). List the prime factors of f*-2*1/h.
2, 3
Let p(s) = -2*s - 6. Let x be p(-5). Let g be (27/(-6))/(2/x). Let t = 20 + g. List the prime factors of t.
11
Let w = 1 - 2. List the prime factors of w/((-1)/(-11))*-1.
11
List the prime factors of (-3)/(-18) + 699/18.
3, 13
Suppose -18 = -3*p - 2*o, 4*p - 3*o = 2*p - 1. Suppose 0*v + 16 = p*v. Suppose v*g - 9 = -g - x, x = 2*g - 5. What are the prime factors of g?
2
Let v = -30 + 54. What are the prime factors of v?
2, 3
Suppose -4*b + 5*b - 23 = 0. What are the prime factors of b?
23
Suppose 4*w - 5*s = 16, -3*w + 1 = 2*s - 11. List the prime factors of w.
2
Suppose -3*d - 219 = -9*l + 4*l, 0 = -2*d - 6. Suppose 5*b + l = 147. List the prime factors of 52/14 + 6/b.
2
Let j be 5 + -8 - (4 + -2). What are the prime factors of 5/((-20)/12) - j?
2
Suppose -7 = w - b, 3*w - 2*b = -2*w - 26. Let p = w - -7. What are the prime factors of p?
3
Let b(t) be the first derivative of 4*t**3/3 + t + 1. What are the prime factors of b(2)?
17
Suppose 4*t + 77 = 17. Let n be (-10)/(-8)*(20 + 0). Let k = t + n. What are the prime factors of k?
2, 5
Let y = 15 - 45. Let s = 58 + y. What are the prime factors of s?
2, 7
Suppose 316 = 3*p - 257. What are the prime factors of p?
191
Suppose 0 = 3*w + 2 - 8. Suppose 3*q - 2*q + w*r - 20 = 0, 0 = 2*q + 2*r - 36. List the prime factors of q.
2
Let z(w) = -3*w**3 - 3*w**2 - 3*w - 1. What are the prime factors of z(-2)?
17
Let w be (22 + -4)*(0 + -1). Let a = -10 - w. What are the prime factors of a?
2
Suppose -2*x + 190 = 4*t, 0 = 3*t - 4*x - 20 - 128. What are the prime factors of t?
2, 3
Let k = 0 - -4. Suppose -11 = -3*y - j, -k*y = -2*y + j - 6. List the prime factors of y.
5
Let b = -15 - -2. Let g = b - -27. What are the prime factors of g?
2, 7
List the prime factors of 1540/16 + 5 + 3/4.
2, 3, 17
Let j(q) be the first derivative of q**2/2 + 5*q - 2. Let h be j(-3). Suppose -h*n + 1 = -9. What are the prime factors of n?
5
Let j = 4 + -2. List the prime factors of ((-2)/(-4))/(j/40).
2, 5
List the prime factors of ((-9)/(-15))/((-2)/(-20)).
2, 3
Let x(d) = d**2 - 2*d - 5. What are the prime factors of x(-3)?
2, 5
Suppose 4 = -2*d + 24. List the prime factors of d.
2, 5
Suppose 0 = 5*i + 2*a - 20, 2*a = 4*i + 5*a - 16. Suppose -2*f - 2*u + 114 = -236, 2*f - i*u = 356. What are the prime factors of f/18 + (-6)/(-27)?
2, 5
Suppose -13*w + 52 = -3627. List the prime factors of w.
283
Let s(c) be the third derivative of c**5/30 - c**4/24 + c**3/6 - 7*c**2. Let h(l) = -l**2 + 1. Let n be h(0). List the prime factors of s(n).
2
Let q(z) = -17*z - 3. List the prime factors of q(-3).
2, 3
Suppose 4*y - 64 = 2*g, -7*y + 64 = -3*y + g. Let n = y - 11. Suppose -1 - 14 = 5*t - 5*z, -3*t - n*z + 31 = 0. List the prime factors of t.
2
Let i(o) = -o**3 - 10*o**2 - 10*o. Let u be 4/(-2) - (4 + 3). What are the prime factors of i(u)?
3
Suppose -3*y + 7*y - 28 = 0. Let d(h) = 3*h**3 - 2 - h - 2*h**3 - 6*h**2 + y*h. List the prime factors of d(5).
3
Suppose -4*y + 0*y + 16 = 0. What are the prime factors of (-14)/(-4) - y/8?
3
Let d = -6 - -11. Suppose -3*i = 2*i + 15, -i + 67 = d*h. List the prime factors of h.
2, 7
Let b be -1 - (-2)/2 - 10. Let u = b + 17. Let l = u - -4. What are the prime factors of l?
11
Let l = 11 + -7. Suppose -3*k = -3*n + l*n - 14, -2*n = -k - 56. What are the prime factors of n?
2, 13
Let q = 26 + 23. Suppose -4*g = 5*l - 41, -5*l + 7*g + q = 3*g. List the prime factors of l.
3
Suppose 2*i = i. Let n be (-1)/1*(i - -7). What are the prime factors of n/(-1) + 2 - -2?
11
Suppose 0 = -3*m + 87 + 51. List the prime factors of m.
2, 23
Suppose 3*x - 6 = -3*v, -3*x + v = -0*v - 14. Suppose x*p - 12 = 2*q - 0*p, -4*q + 20 = 3*p. Suppose -3*m = q*m - 15. List the prime factors of m.
3
Let h = 3 - 3. Suppose 5*k + 2*i - 13 = -0, -k - 3*i = h. Suppose 5*o - u + 2 - 22 = 0, 0 = -2*o - k*u + 8. List the prime factors of o.
2
Let g(p) = p**2 + p - 5. Let z be g(0). Let b = 15 + z. Suppose -22